 4*u + 4*u**3 - d + 4*u. Determine s(1).
5
Suppose -8 = 4*j - 4. Let m be (j - 5) + -14 + 14. Let i(d) = 2*d + 8. Give i(m).
-4
Suppose 2*z - 50 = -3*z. Suppose -7*s = -2*s - z. Suppose s*q = -q. Let p(t) = t**2 - 1. What is p(q)?
-1
Let o = 11 + -5. Suppose -f + o = 2*f. Let i be 2 + -3 + f/(-1). Let v(d) = d + 3. Give v(i).
0
Let y(d) = d**2 - 4*d - 8. Let r = -5 - -9. Suppose 2*m - 4 = -2*z + 4*z, 3*z - 36 = -r*m. Calculate y(m).
4
Let u be 20/(-2)*(-7)/(-14). Let c(r) = -2*r**2 - 15*r - 6. Let p(j) = 3*j**2 + 22*j + 9. Let m(k) = u*p(k) - 7*c(k). Determine m(-5).
-3
Let k(h) = h - 5. Let j(c) = c**2 + 1. Suppose -2*n = 1 - 5. Let l be j(n). Calculate k(l).
0
Suppose 0 = -7*i + 4*i + 2*v - 12, -i + 3*v = -3. Let c(o) = -o + 6. Let b be c(3). Let a be 1*2*b/i. Let y(n) = -5*n**2 - 1. Calculate y(a).
-6
Let h(j) = -3*j - 1. Let c = 14 - 8. Suppose -c = p - 0*p - 4*x, -13 = 4*p - 5*x. What is h(p)?
5
Let a(q) = -2*q**2 + q + 2. Suppose k + 2*k + 12 = 0. Let b = k + 6. Suppose -3*g + b*g + 2 = 0. What is a(g)?
-4
Let z(q) be the first derivative of q**3/3 - 5*q**2/2 + 6*q - 1. Let d(r) = -r**2 + 5*r + 10. Let x be d(6). Give z(x).
2
Let m(i) be the second derivative of i**4/12 + 7*i**3/6 + 3*i**2 - 10*i. What is m(-5)?
-4
Suppose 5*u = -n + 25, u + 3*u + 5*n + 1 = 0. Let q(v) = -v**3 + 5*v**2 + 6*v - 3. Calculate q(u).
-3
Let r(x) be the second derivative of -x**5/20 - 5*x**4/12 - x**3/6 + x**2 - 3*x + 9. Determine r(-4).
-10
Let t(s) = -53*s + 51*s - s**2 + 5 - 5. Give t(-4).
-8
Let v(l) = -3*l - 4*l**2 - 4 + 1280*l**3 - 2*l - 1279*l**3. What is v(5)?
-4
Let j(o) = -o**3 - 3*o + 0*o**3 - 275*o**2 + 272*o**2 - 3. Suppose -a = 2*a. Let t = a + -3. Determine j(t).
6
Suppose -17 = 3*p - 5*f, 7*p + f + 19 = 2*p. Let u(g) be the first derivative of -g**2/2 - 4*g + 3. Give u(p).
0
Let o be (-2)/10 + 96/30. Suppose 4*d - 12 = w - 3*w, -3 = -o*d. Let k(x) = 4*x - 4. What is k(w)?
12
Let j(w) = w - 3. Let f be j(3). Suppose f = k - 3 - 0. Let n(z) = -3*z**2 + 2*z + z**k - 3 + 2*z + 0*z**2. Calculate n(3).
9
Let j(b) be the first derivative of -b**4/12 + 3*b**3/2 - 9*b**2/2 - 9*b + 1. Let k(p) be the first derivative of j(p). Calculate k(7).
5
Let h(k) be the second derivative of -k**4/12 - 5*k**3/6 - 3*k**2/2 + k. Suppose 12*a - 11*a + 3*t = -16, -2*a + t - 4 = 0. Determine h(a).
1
Let f(p) = -9*p**2 - 13*p + 17. Let a(q) = -5*q**2 - 7*q + 9. Let c(n) = 11*a(n) - 6*f(n). Let r(u) = -u**2 + 20*u - 32. Let s be r(18). Determine c(s).
-15
Let p(l) = -l - 7. Let k(t) = -t - 14. Let n(u) = -4*k(u) + 7*p(u). Calculate n(5).
-8
Let v(t) = 35 - 62 + 32 + t. Let u(c) = -c**2 + 3*c - 2. Let s be u(2). Calculate v(s).
5
Suppose 20 = -6*z + z. Let i(p) = -p**2 - 5*p - 1. Determine i(z).
3
Let n(r) = 13*r - 4*r + 2*r - 4 - r**2. Let p be n(10). Let c(w) = p*w + 4*w**2 - 3 - 3*w**2 + 4. Give c(-4).
-7
Let o = 20 + -17. Let w(h) = -3*h - 3. Determine w(o).
-12
Let b = 3 + -1. Suppose b*l = l + 2. Let i(y) = -y**l + y + 6*y - 4*y - 2. Determine i(4).
-6
Let c(k) = -k**3 - 5*k**2 - 6*k - 3. Let s(m) = -3*m + 11. Let y be s(5). What is c(y)?
5
Suppose 3*a - 2*s + 13 = 0, 0 = -0*s + s + 1. Let m(y) be the third derivative of -y**5/60 - y**4/4 - 5*y**3/6 - 10*y**2. Determine m(a).
0
Suppose f + 0*f = 2. Let w(r) be the second derivative of 1/12*r**4 + 0 + 1/2*r**3 - r - 1/2*r**f - 1/20*r**5. What is w(2)?
1
Let h(o) = 8*o**2 + 2*o - 3. Suppose 0*d = 2*d - 8. Suppose 5*q = d*q - 2. Let s(i) = i - 1. Let j(y) = q*s(y) + h(y). Give j(1).
7
Let f(o) be the second derivative of 7/2*o**2 + 0*o**3 + 0 + 1/20*o**5 + 3*o + 1/2*o**4. What is f(-6)?
7
Let f(s) = 8 + s**3 - 4*s - 3 + 3*s - 5*s**2. Let n be (-1 - -1) + 125/25. Determine f(n).
0
Let z(k) be the second derivative of -k**8/6720 + k**7/504 + k**6/144 + 7*k**5/120 - 3*k**4/4 + 10*k. Let r(u) be the third derivative of z(u). Calculate r(6).
1
Let u(t) be the second derivative of -t**4/12 + t**3/3 + 2*t**2 + t. Suppose 5*l = 7*l + 32. Let a be (-9)/(-6)*l/(-6). Determine u(a).
-4
Let k(y) = y**2 - 2*y. Suppose 8 = -2*i + 10. Give k(i).
-1
Let t be 5/10 - 30/(-4). Let a(c) = -2*c + c + 1 - t*c. Give a(1).
-8
Let z be (0 + (-1)/(-1))*21. Suppose -3*n = -3*h - z, -3*h = -6*h - 6. Let g(t) = 3*t - 7. Calculate g(n).
8
Let c(v) = -v**3 - 11*v**2 - 12*v - 14. Let p be (4 + (-18)/4)*(20 - 0). Determine c(p).
6
Let u(z) = z**2 - 4. Suppose -2*m = -6*m, 2 = 2*b + 2*m. Let o be 7 + (3 - b)*-2. What is u(o)?
5
Let n(k) = -21*k**3 + 5*k**2 + 5*k + 13. Let y(a) = 5*a**3 - a**2 - a - 3. Let x(c) = -2*n(c) - 9*y(c). What is x(1)?
-4
Let k(m) = -6 + 3 - 4 - 5*m + 4*m. Give k(-6).
-1
Let a(f) be the second derivative of f**5/20 + f**4/3 + f**3/3 + f**2/2 - 17*f. Determine a(-3).
4
Suppose -3*n = -4*m - 1, -4*n = -5*m - 3 + 2. Let t(q) = 6*q**3 + q. Calculate t(m).
-7
Let i(l) = 5 + 2*l**2 - 2*l - 3 + l. Let r(u) = u**3 - 6*u**2 + u - 4. Let n be r(6). Give i(n).
8
Suppose -5*h = x + 29, 0 = 3*x + 2*h - h + 17. Let y(l) = l**3 + l**2 + l - 1. Let j(d) = 3*d**3 + 7*d**2 + 9*d - 9. Let o(t) = x*y(t) + j(t). Give o(4).
-1
Let z(q) be the third derivative of q**5/60 + q**4/24 - q**3/6 - 5*q**2. Let t(f) be the first derivative of z(f). Calculate t(3).
7
Let d(g) be the third derivative of g**8/6720 + g**7/504 + g**6/120 + g**5/20 - g**4/4 + 10*g**2. Let i(v) be the second derivative of d(v). Determine i(-4).
-2
Let g(p) = -7*p**3 + 3*p + 2. Suppose 2*n + 3*x = -5, -n - 3*n - 9 = 5*x. What is g(n)?
6
Let l(v) = -9*v - 1. Let d be 4 + (-2)/(-3)*-15. Let f be 7/((-21)/d) + -3. Determine l(f).
8
Let l(x) = 3*x**3 - 6*x**2 + x - 10. Let r(z) = 7*z**3 - 11*z**2 + 2*z - 20. Let j(n) = -5*l(n) + 2*r(n). What is j(8)?
2
Let u(i) = -8*i + 1. Let a = 50 + -48. What is u(a)?
-15
Let h(k) = k**3 + 4*k**2 + 4*k - 1. Let x be h(-3). Let t(f) be the third derivative of -1/60*f**5 + 0*f + 0 + 1/6*f**3 - 1/6*f**4 - f**2. Calculate t(x).
1
Let k(n) = 5*n**2 - 21*n - 9. Let c(g) = g**2 - 5*g - 2. Let p(t) = 18*c(t) - 4*k(t). Give p(-4).
-8
Let p(d) = d**3 + d**2 + 4. Let l be p(0). Let k be 1 + -1 + l/(-1). Let i be 2/k - 2/4. Let f(z) = 2*z + 1. What is f(i)?
-1
Let i = -49 + 45. Let x(l) = l**3 + 5*l**2 + l + 2. Give x(i).
14
Suppose 2*a + 3*a = 40. Suppose -2*s = 5*j - a - 8, -4*s + 2 = -5*j. Let k(o) = -o**2 + 3*o + 1. Calculate k(s).
1
Suppose 6*d = 4*d + 20. Suppose 5*f + 0*f - d = 0. Let k(s) = 5 + f*s**2 + 1 + s - 2 - 5. Determine k(1).
2
Let f(n) be the second derivative of -1/2*n**2 + 0 + 2*n - 1/6*n**3. Suppose -3*i - 18 = 4*d - 0*d, 2*d = -5*i - 16. Calculate f(i).
1
Let c be -1 - 2*15/(-6). Let i(p) = -p**3 + 3*p**2 + 7*p - 5. Determine i(c).
7
Let i = 89 - 89. Let s(n) be the third derivative of i*n + 0 - 2*n**2 + 1/24*n**4 + n**3. Determine s(-5).
1
Let w(t) = -t + 6. Let r = 0 - -5. Suppose -3*c + 7 = 5*j + c, r*c + 10 = 0. Let u = j - 3. What is w(u)?
6
Suppose -2*c - 11 = 3*j, 0*c - 5 = j + c. Let t(u) be the first derivative of -u + 1 - 1/2*u**2 - 5/4*u**4 + 1/3*u**3. Give t(j).
6
Let c(n) be the first derivative of n**3 - 11*n**2/2 - 10*n - 5. Let a(s) = 4*s**2 - 12*s - 11. Let d(p) = 4*a(p) - 5*c(p). Calculate d(-7).
6
Let j(z) be the third derivative of z**7/2520 - 7*z**6/720 - z**5/60 - z**4/24 + 4*z**2. Let l(o) be the second derivative of j(o). Calculate l(6).
-8
Let w(i) be the second derivative of i**5/20 - i**4/4 + i**3/6 + 2*i**2 + 28*i. Let r be (-1)/(-2) - (-9)/2. Suppose 9 = r*q - 6. Determine w(q).
7
Let y(i) = i**2 + 3*i - 2. Let x = -7 + 12. Suppose m + 4*q - 8 = 3*m, -q + 2 = x*m. Suppose 5 = -j - 4*s - 9, -5*j - 2*s - 16 = m. Give y(j).
-4
Let n(a) = a - 7. Suppose -v - v = -4*d - 8, d + 5*v = 20. Determine n(d).
-7
Let z(j) = -224*j + 445*j + 16 - 222*j - 6. Calculate z(5).
5
Let s be (-4)/5 + 7/(-35). Let b(m) = -m**2. Let q(f) be the third derivative of f**5/30 - f**4/24 - f**3/2 + 2*f**2. Let y(z) = s*q(z) - b(z). Calculate y(0).
3
Let k(j) = -j - 10. Suppose -12*v + 7*v = 0. What is k(v)?
-10
Let o(c) = c - 3. Let x be o(6). Let u(q) = 11*q**3 - 9*q**3 - x*q**3 - q**2 - 12. Calculate u(0).
-12
Suppose y = 3*k - 0*y - 1, k + 4 = -4*y. Let m(s) = -3*s - 5. Let l be m(k). Let d(t) = -t**3 - 5*t**2 + 3*t + 7. Calculate d(l).
-8
Suppose 3*h + 0*h - 27 = 3*i, 3*i + 37 = 5*h. Let p(y) = -y**3 + 4*y**2 + 7. Determine p(h).
-18
S